n divisor of g and o?
16
Let v = -6 + 15. Calculate the greatest common divisor of 63 and v.
9
Suppose -5*k + 22 = -4*k. Let x(s) = -2*s**3 - 5*s**2 + 7. Let w be x(-5). Suppose v = -3*v + w. Calculate the greatest common factor of v and k.
11
Let u(r) = r**3 - 31*r**2 + 130*r + 29. Let w be u(26). Let j be (-1)/(1/(-406)*2). What is the greatest common divisor of j and w?
29
Let c be (-279)/(-2) + 3/6. Suppose x - 1 = 3. Suppose x*t - 71 = -3*k, 0 = -4*t - 3*k + 6*k + 89. Calculate the greatest common divisor of t and c.
20
Let j(s) = s + 9. Suppose -4*r = -2*g + 18, 3 = -2*r + 2*g - 1. Let m be j(r). Let k be (m/4)/(1/8). Calculate the highest common divisor of 4 and k.
4
Let s = -34 - -44. Calculate the greatest common factor of 110 and s.
10
Let j be ((-30)/(-18))/(2/18). Calculate the highest common factor of 10 and j.
5
Let q(h) = h**3 + 11*h**2 + 2*h - 2. Let o be q(-11). Let w = -19 - o. Calculate the highest common factor of 55 and w.
5
Let a(i) = -i**3 + 14*i**2 + i + 13. Let w be a(14). Calculate the highest common factor of w and 189.
27
Let f = -2 - -14. Let u be (-5)/(4/(-1) - -3). Suppose u*z + 160 = 5*d - 0*z, 20 = 5*z. Calculate the greatest common factor of d and f.
12
Suppose 3 = -5*m + 78. What is the highest common factor of m and 60?
15
Let f(q) = -q**2 - 12*q - 16. Let z be f(-7). Calculate the greatest common divisor of 57 and z.
19
Let b(d) = -d**2 + 10*d - 10. Suppose -7 = -3*c + 14. Let r be b(c). Suppose 55 = 3*m - 2*m. What is the greatest common divisor of m and r?
11
Let q(m) = -m**2 - 4*m + 1. Let c be q(-2). Suppose -c*s - 10 = -10*s. Suppose l - j = -6*j + 41, 4*l - 2*j = 54. What is the highest common factor of l and s?
2
Let j(v) = 6 + 6 + 4*v - 4. Let x be (3 - -18)*6/18. Let n be j(x). Calculate the greatest common factor of 6 and n.
6
Let u be 1*(4 + (0 - -2)). Suppose 4*z - 47 = f, 3*f = -z - 0*z + 2. Let i be (0 - -3) + (z - -10). What is the highest common divisor of i and u?
6
Suppose s = 3*h - 7, h - 8 = 4*h - 4*s. Let x be (6/(-9))/(h/(-42)). What is the highest common divisor of x and 77?
7
Suppose -4*c = 12, 640 + 49 = 4*t + 5*c. Suppose 0 = 2*x - 3 - 29. Calculate the highest common divisor of t and x.
16
Suppose 2*o - 19 = 3*b + 2, 4*o + 3*b - 69 = 0. What is the greatest common divisor of o and 75?
15
Let j be (5 + -1)*3/12. Let p = j - 1. Suppose 7*s - 126 = 2*s - 2*r, -4*r + 12 = p. What is the highest common factor of 16 and s?
8
Let c be -2 + (-14)/(-6) - 5773/(-69). What is the highest common divisor of 14 and c?
14
Let m = 7 - -26. Suppose 4*f - 48 = -2*y, 2*f - 3 - 27 = -4*y. What is the greatest common factor of f and m?
11
Let y = -92 - -137. What is the greatest common divisor of 18 and y?
9
Let l = 33 - 0. What is the greatest common factor of 11 and l?
11
Let x be (-110)/(-6) - 1/3. Calculate the highest common factor of x and 12.
6
Let c(f) = -f**2 + 6*f + 7. Let m be c(5). What is the greatest common divisor of 132 and m?
12
Suppose -5 = -l - 3*w - 2, l - 3*w = 33. Calculate the highest common divisor of 6 and l.
6
Let r = 2 + -1. Suppose -j - 1 = z, -5*j + 4 = -3*z - 15. Calculate the greatest common divisor of j and r.
1
Let b(o) = -28*o - 8. Let w be b(-5). Suppose v + w = 4*v. What is the highest common divisor of 66 and v?
22
Let t be (-1)/(-5) - 1799/(-5). Let q = -162 + t. Calculate the highest common factor of 18 and q.
18
Suppose 5*p = 2*p - 12. Let h(a) = a**2 + 2*a. Let m be h(p). Calculate the highest common divisor of m and 1.
1
Suppose -30 = -4*o - 10. Let b = 64 - 19. Calculate the highest common factor of b and o.
5
Let r(t) = -t**3 - 3*t**2 + 3*t - 5. Let w be r(-5). What is the highest common divisor of 40 and w?
10
Suppose 4*p = 9*p - 5. Let z be (2 - -1)*2/(-3). Let f = z + 6. What is the highest common factor of f and p?
1
Suppose 0 = 3*n + n + 32. Let c = n + 12. What is the highest common divisor of 8 and c?
4
Let s be ((-43 - 2)/3)/(-1). Calculate the highest common factor of 60 and s.
15
Suppose 73*h - 66 = 70*h. Calculate the highest common divisor of 33 and h.
11
Let d = -98 + 108. What is the greatest common divisor of d and 10?
10
Let w be (-4)/(-9)*3*-3. Let s = 10 + w. What is the greatest common factor of 3 and s?
3
Let c(a) = -a**3 - a**2 + 2*a + 77. Let h = -20 + 20. Let n be c(h). What is the greatest common divisor of 11 and n?
11
Let k(z) = 166*z**2 - 1. Let i be k(1). What is the greatest common divisor of 15 and i?
15
Let q be (-596)/(-10) - 2/(-5). Calculate the highest common factor of q and 10.
10
Let s = 13 + -5. What is the greatest common factor of s and 4?
4
Suppose -71 = -7*t + 34. What is the greatest common divisor of t and 15?
15
Let j = -282 - -402. Calculate the highest common factor of 15 and j.
15
Let a = -9 + 14. Let z(y) = y**2 - 4*y + 1. Let p be z(a). Suppose -11*u + 3*u + 32 = 0. What is the greatest common factor of p and u?
2
Let s(x) = 2*x**2. Let i be s(1). Suppose o - 1 = 1. Calculate the greatest common divisor of i and o.
2
Let k = 30 + -26. Let q = 4 + -1. Suppose -q*x - 4 = -40. Calculate the highest common factor of x and k.
4
Let r = 8 + -6. Let z be (0 - 1 - r)*-1. Calculate the highest common divisor of z and 2.
1
Suppose -4*x + 156 - 48 = 0. Calculate the greatest common factor of x and 135.
27
Suppose 0 = 3*i - 97 + 7. Calculate the highest common divisor of i and 15.
15
Let o = 36 - 34. Suppose 5*p = -5*n + 25, -6*p = 5*n - 3*p - 35. Calculate the greatest common factor of o and n.
2
Suppose -9 = -b + 3. Calculate the highest common factor of b and 24.
12
Suppose 3*t - 626 = 4. Suppose -4*d = -d - t. Suppose -2*p = 4*q - 56, -p + 42 = 3*q + 4*p. Calculate the greatest common factor of q and d.
14
Suppose 0 = -4*a + 50 + 14. Suppose -4*s - 4*t + 464 = 0, 3*t + 4 = 2*s - 208. Calculate the greatest common divisor of a and s.
16
Let p be ((-12)/(-9))/(2/3). What is the greatest common factor of 14 and p?
2
Suppose -o = 4*o + 4*i - 16, 4*o - 2*i - 18 = 0. Let p = 13 + -4. Suppose -2*k + p = -5*n - 9, 2*n + 20 = 4*k. What is the highest common divisor of o and k?
4
Let l(v) = v**2 + 8*v - 2. Let y be l(-9). Let j be -1 - 6/((-2)/(-2)). Let m be 2*j*1*-2. Calculate the greatest common factor of m and y.
7
Let k = -1 + 16. What is the highest common divisor of 75 and k?
15
Let o be ((-2)/4)/(3/(-6)). Let f be 3 - o/(-1)*1. Suppose -2*u - 232 = -f*r - 4*u, 3*u - 12 = 0. What is the highest common divisor of 7 and r?
7
Let j be (-1)/(-1*(-4)/(-28)). What is the greatest common factor of j and 21?
7
Let l be (-2 - -1)/(-4 + 5). Let q be 2/1 - 25/l. Suppose -4*a = -3*y + 43, 5*y + 7*a = 4*a + 33. Calculate the greatest common divisor of q and y.
9
Let l(d) = -2*d - 12. Suppose -t + 28 = -4*c - 10, 2*t - 54 = -3*c. Let u = 21 - t. Let q be l(u). What is the greatest common factor of 15 and q?
3
Let n = 185 + -64. Let w = 2 + 9. What is the greatest common factor of w and n?
11
Suppose 4*x = -4*b + x - 120, 2*x = 5*b + 173. Let q be -3*(-3 + b/9). What is the greatest common divisor of 220 and q?
20
Suppose 4*w + 6*u - u = -10, 8 = w - 4*u. Let l = w + 96. Calculate the highest common divisor of 16 and l.
16
Let q(f) = 8*f - 4. Let k be q(-3). Let h be k/5*(-2 - 3). Suppose -2*o = -h - 0. What is the greatest common factor of 84 and o?
14
Let j = -54 - -64. What is the greatest common factor of j and 30?
10
Suppose 5 = -p + 3*s + 2*s, 5*s = 3*p + 5. Suppose 0 = -p*m + 2*m - 50. Let g be (m/15)/((-1)/(-6)). What is the highest common divisor of g and 40?
10
Let o = -9 - -15. Let n be ((-36)/2)/(6/(-68)). Suppose -5*a + 0*a - 3*r + n = 0, 38 = a + 2*r. Calculate the highest common factor of o and a.
6
Let n be 2 + (-3 - -4) + 2. Suppose 5*g - 11 = -4*a + 77, 5*a - 110 = -n*g. Calculate the highest common divisor of 198 and a.
22
Let r be (1 - 0)*(-1 + 13). Let f = -278 + 398. What is the highest common divisor of f and r?
12
Let j(y) = y - 8. Let p be j(12). Suppose -p*q = -4, 0 = -d - 2*d + 3*q + 159. Calculate the greatest common factor of 6 and d.
6
Let a = 97 - 35. Let y = a + -29. Calculate the greatest common factor of 3 and y.
3
Let o be 402/8 + 1/(-4). Let w = 12 + -5. Suppose -13 - w = -p. What is the greatest common factor of p and o?
10
Let y(n) = 4*n - 2. Suppose 2*a = 4*k - 18, 5*k - 6 = a + 18. Let o be